{"id":306,"date":"2022-02-20T17:57:45","date_gmt":"2022-02-20T16:57:45","guid":{"rendered":"https:\/\/picard-art.com\/?post_type=product&#038;p=306"},"modified":"2022-02-24T14:48:56","modified_gmt":"2022-02-24T13:48:56","slug":"loreille-retrouvee-de-van-gogh","status":"publish","type":"product","link":"https:\/\/picard-art.com\/index.php\/produit\/loreille-retrouvee-de-van-gogh\/","title":{"rendered":"L&rsquo;Oreille retrouv\u00e9e de Van Gogh"},"content":{"rendered":"<p>Oreille en bois d&rsquo;abricotier mont\u00e9e sur tige en bronze et socle du m\u00eame bois.<\/p>\n","protected":false},"excerpt":{"rendered":"<p>Offrir l&rsquo;oreille retrouv\u00e9e de Van Gogh pour remercier l&rsquo;\u00e9coute de son Psy et son aide \u00e0 retrouver son chemin artistique.<\/p>\n","protected":false},"featured_media":307,"comment_status":"open","ping_status":"closed","template":"","meta":{"spay_email":""},"product_cat":[19],"product_tag":[71,78,54],"_links":{"self":[{"href":"https:\/\/picard-art.com\/index.php\/wp-json\/wp\/v2\/product\/306"}],"collection":[{"href":"https:\/\/picard-art.com\/index.php\/wp-json\/wp\/v2\/product"}],"about":[{"href":"https:\/\/picard-art.com\/index.php\/wp-json\/wp\/v2\/types\/product"}],"replies":[{"embeddable":true,"href":"https:\/\/picard-art.com\/index.php\/wp-json\/wp\/v2\/comments?post=306"}],"wp:featuredmedia":[{"embeddable":true,"href":"https:\/\/picard-art.com\/index.php\/wp-json\/wp\/v2\/media\/307"}],"wp:attachment":[{"href":"https:\/\/picard-art.com\/index.php\/wp-json\/wp\/v2\/media?parent=306"}],"wp:term":[{"taxonomy":"product_cat","embeddable":true,"href":"https:\/\/picard-art.com\/index.php\/wp-json\/wp\/v2\/product_cat?post=306"},{"taxonomy":"product_tag","embeddable":true,"href":"https:\/\/picard-art.com\/index.php\/wp-json\/wp\/v2\/product_tag?post=306"}],"curies":[{"name":"wp","href":"https:\/\/api.w.org\/{rel}","templated":true}]}}