{"id":342,"date":"2022-02-20T19:09:32","date_gmt":"2022-02-20T18:09:32","guid":{"rendered":"https:\/\/picard-art.com\/?post_type=product&#038;p=342"},"modified":"2024-06-16T12:02:49","modified_gmt":"2024-06-16T10:02:49","slug":"appliques-talon-aiguille","status":"publish","type":"product","link":"https:\/\/picard-art.com\/index.php\/produit\/appliques-talon-aiguille\/","title":{"rendered":"Appliques talon aiguille"},"content":{"rendered":"<p>Talon aiguille sculpt\u00e9 sur planche de ch\u00eane s\u00e9culaire et \u00e9quip\u00e9 de 3 ampoules LED. Une chaussure profile gauche et une en profile droite. Mesdames, ces appliques seront id\u00e9ales pour votre dressing.<\/p>\n","protected":false},"excerpt":{"rendered":"<p>PAIRE d&rsquo;applique (chaussure droite et Gauche).<\/p>\n","protected":false},"featured_media":275,"comment_status":"open","ping_status":"closed","template":"","meta":{"spay_email":""},"product_cat":[17],"product_tag":[72,57,54,80],"_links":{"self":[{"href":"https:\/\/picard-art.com\/index.php\/wp-json\/wp\/v2\/product\/342"}],"collection":[{"href":"https:\/\/picard-art.com\/index.php\/wp-json\/wp\/v2\/product"}],"about":[{"href":"https:\/\/picard-art.com\/index.php\/wp-json\/wp\/v2\/types\/product"}],"replies":[{"embeddable":true,"href":"https:\/\/picard-art.com\/index.php\/wp-json\/wp\/v2\/comments?post=342"}],"wp:featuredmedia":[{"embeddable":true,"href":"https:\/\/picard-art.com\/index.php\/wp-json\/wp\/v2\/media\/275"}],"wp:attachment":[{"href":"https:\/\/picard-art.com\/index.php\/wp-json\/wp\/v2\/media?parent=342"}],"wp:term":[{"taxonomy":"product_cat","embeddable":true,"href":"https:\/\/picard-art.com\/index.php\/wp-json\/wp\/v2\/product_cat?post=342"},{"taxonomy":"product_tag","embeddable":true,"href":"https:\/\/picard-art.com\/index.php\/wp-json\/wp\/v2\/product_tag?post=342"}],"curies":[{"name":"wp","href":"https:\/\/api.w.org\/{rel}","templated":true}]}}