{"id":421,"date":"2022-03-13T18:48:40","date_gmt":"2022-03-13T17:48:40","guid":{"rendered":"https:\/\/picard-art.com\/?post_type=product&#038;p=421"},"modified":"2024-06-16T12:00:13","modified_gmt":"2024-06-16T10:00:13","slug":"le-boxer-du-val","status":"publish","type":"product","link":"https:\/\/picard-art.com\/index.php\/produit\/le-boxer-du-val\/","title":{"rendered":"Le Boxer du val"},"content":{"rendered":"<p>T\u00eate de Boxer sculpt\u00e9e dans bois d&rsquo;abricotier. Initialement pos\u00e9e en boule d&rsquo;escalier. Pr\u00e9sent\u00e9 ici sur socle \u00e0 poser en pierre blanche.<\/p>\n","protected":false},"excerpt":{"rendered":"<p>T\u00eate de Boxer dormant pos\u00e9e sur socle en pierre.<\/p>\n","protected":false},"featured_media":489,"comment_status":"open","ping_status":"closed","template":"","meta":{"spay_email":""},"product_cat":[19],"product_tag":[71,74,43,70],"_links":{"self":[{"href":"https:\/\/picard-art.com\/index.php\/wp-json\/wp\/v2\/product\/421"}],"collection":[{"href":"https:\/\/picard-art.com\/index.php\/wp-json\/wp\/v2\/product"}],"about":[{"href":"https:\/\/picard-art.com\/index.php\/wp-json\/wp\/v2\/types\/product"}],"replies":[{"embeddable":true,"href":"https:\/\/picard-art.com\/index.php\/wp-json\/wp\/v2\/comments?post=421"}],"wp:featuredmedia":[{"embeddable":true,"href":"https:\/\/picard-art.com\/index.php\/wp-json\/wp\/v2\/media\/489"}],"wp:attachment":[{"href":"https:\/\/picard-art.com\/index.php\/wp-json\/wp\/v2\/media?parent=421"}],"wp:term":[{"taxonomy":"product_cat","embeddable":true,"href":"https:\/\/picard-art.com\/index.php\/wp-json\/wp\/v2\/product_cat?post=421"},{"taxonomy":"product_tag","embeddable":true,"href":"https:\/\/picard-art.com\/index.php\/wp-json\/wp\/v2\/product_tag?post=421"}],"curies":[{"name":"wp","href":"https:\/\/api.w.org\/{rel}","templated":true}]}}