{"id":433,"date":"2024-04-19T22:41:07","date_gmt":"2024-04-19T20:41:07","guid":{"rendered":"https:\/\/picard-art.com\/?post_type=product&#038;p=433"},"modified":"2026-02-06T23:41:11","modified_gmt":"2026-02-06T22:41:11","slug":"cromignon-cromignonne","status":"publish","type":"product","link":"https:\/\/picard-art.com\/index.php\/produit\/cromignon-cromignonne\/","title":{"rendered":"Cromignon &#038; Cromignonne"},"content":{"rendered":"<p>Reproduction en pl\u00e2tre ou r\u00e9sine acrylique avec poussi\u00e8re de marbre. Patine acrylique et cire \u00e0 dorer.<\/p>\n","protected":false},"excerpt":{"rendered":"<p>Cromignon et Cormignonne vous rappelleront que, depuis la nuit des temps, tout est affaire de murmure et de tendresse.<\/p>\n","protected":false},"featured_media":484,"comment_status":"open","ping_status":"closed","template":"","meta":{"spay_email":""},"product_cat":[19],"product_tag":[71,86,70],"_links":{"self":[{"href":"https:\/\/picard-art.com\/index.php\/wp-json\/wp\/v2\/product\/433"}],"collection":[{"href":"https:\/\/picard-art.com\/index.php\/wp-json\/wp\/v2\/product"}],"about":[{"href":"https:\/\/picard-art.com\/index.php\/wp-json\/wp\/v2\/types\/product"}],"replies":[{"embeddable":true,"href":"https:\/\/picard-art.com\/index.php\/wp-json\/wp\/v2\/comments?post=433"}],"wp:featuredmedia":[{"embeddable":true,"href":"https:\/\/picard-art.com\/index.php\/wp-json\/wp\/v2\/media\/484"}],"wp:attachment":[{"href":"https:\/\/picard-art.com\/index.php\/wp-json\/wp\/v2\/media?parent=433"}],"wp:term":[{"taxonomy":"product_cat","embeddable":true,"href":"https:\/\/picard-art.com\/index.php\/wp-json\/wp\/v2\/product_cat?post=433"},{"taxonomy":"product_tag","embeddable":true,"href":"https:\/\/picard-art.com\/index.php\/wp-json\/wp\/v2\/product_tag?post=433"}],"curies":[{"name":"wp","href":"https:\/\/api.w.org\/{rel}","templated":true}]}}