{"id":436,"date":"2024-04-19T22:59:23","date_gmt":"2024-04-19T20:59:23","guid":{"rendered":"https:\/\/picard-art.com\/?post_type=product&#038;p=436"},"modified":"2024-05-23T23:44:45","modified_gmt":"2024-05-23T21:44:45","slug":"perroquet-du-perigord","status":"publish","type":"product","link":"https:\/\/picard-art.com\/index.php\/produit\/perroquet-du-perigord\/","title":{"rendered":"Perroquet du P\u00e9rigord"},"content":{"rendered":"<p>Reproduction en pl\u00e2tre recouvert d&rsquo;une patine acrylique. Diff\u00e9rentes couleurs disponibles. Vert de Gris, Vert de Vessie et Rouge cuir. Cire \u00e0 dorer.<\/p>\n","protected":false},"excerpt":{"rendered":"<p>Ce clin d&rsquo;\u0153il \u00e0 la chanson des \u00ab\u00a0Perroquets du P\u00e9rigord\u00a0\u00bb est un petit miroir de courtoisie mais aussi dit de sorci\u00e8re \u00e0 installer dans la cuisine pour surveiller les feuilles de persil coinc\u00e9es entre les dents.<\/p>\n","protected":false},"featured_media":452,"comment_status":"open","ping_status":"closed","template":"","meta":{"spay_email":""},"product_cat":[19],"product_tag":[72,78,86,70],"_links":{"self":[{"href":"https:\/\/picard-art.com\/index.php\/wp-json\/wp\/v2\/product\/436"}],"collection":[{"href":"https:\/\/picard-art.com\/index.php\/wp-json\/wp\/v2\/product"}],"about":[{"href":"https:\/\/picard-art.com\/index.php\/wp-json\/wp\/v2\/types\/product"}],"replies":[{"embeddable":true,"href":"https:\/\/picard-art.com\/index.php\/wp-json\/wp\/v2\/comments?post=436"}],"wp:featuredmedia":[{"embeddable":true,"href":"https:\/\/picard-art.com\/index.php\/wp-json\/wp\/v2\/media\/452"}],"wp:attachment":[{"href":"https:\/\/picard-art.com\/index.php\/wp-json\/wp\/v2\/media?parent=436"}],"wp:term":[{"taxonomy":"product_cat","embeddable":true,"href":"https:\/\/picard-art.com\/index.php\/wp-json\/wp\/v2\/product_cat?post=436"},{"taxonomy":"product_tag","embeddable":true,"href":"https:\/\/picard-art.com\/index.php\/wp-json\/wp\/v2\/product_tag?post=436"}],"curies":[{"name":"wp","href":"https:\/\/api.w.org\/{rel}","templated":true}]}}