{"id":499,"date":"2024-05-14T18:33:00","date_gmt":"2024-05-14T16:33:00","guid":{"rendered":"https:\/\/picard-art.com\/?post_type=product&#038;p=499"},"modified":"2024-05-23T23:25:45","modified_gmt":"2024-05-23T21:25:45","slug":"monsieur-poreb","status":"publish","type":"product","link":"https:\/\/picard-art.com\/index.php\/produit\/monsieur-poreb\/","title":{"rendered":"Monsieur Poreb"},"content":{"rendered":"<p>Reproduction en pl\u00e2tre. Enduite, vernis gomme laque teint\u00e9s terre d&rsquo;ombre. Finition cire \u00e0 dorer et couche de vernis de protection. Cadre en boulot. Passepoil blanc et fond au choix.<\/p>\n","protected":false},"excerpt":{"rendered":"<p>Monsieur Poil Rebelle. Rangement de la pilosit\u00e9 matinal. Graffiti en bas-relief. D\u00e9coration recommand\u00e9e pour la salle de bain \u00e0 associer avec Madame T\u00e0qu\u00e9.<\/p>\n","protected":false},"featured_media":495,"comment_status":"open","ping_status":"closed","template":"","meta":{"spay_email":""},"product_cat":[19],"product_tag":[72,71,86,70],"_links":{"self":[{"href":"https:\/\/picard-art.com\/index.php\/wp-json\/wp\/v2\/product\/499"}],"collection":[{"href":"https:\/\/picard-art.com\/index.php\/wp-json\/wp\/v2\/product"}],"about":[{"href":"https:\/\/picard-art.com\/index.php\/wp-json\/wp\/v2\/types\/product"}],"replies":[{"embeddable":true,"href":"https:\/\/picard-art.com\/index.php\/wp-json\/wp\/v2\/comments?post=499"}],"wp:featuredmedia":[{"embeddable":true,"href":"https:\/\/picard-art.com\/index.php\/wp-json\/wp\/v2\/media\/495"}],"wp:attachment":[{"href":"https:\/\/picard-art.com\/index.php\/wp-json\/wp\/v2\/media?parent=499"}],"wp:term":[{"taxonomy":"product_cat","embeddable":true,"href":"https:\/\/picard-art.com\/index.php\/wp-json\/wp\/v2\/product_cat?post=499"},{"taxonomy":"product_tag","embeddable":true,"href":"https:\/\/picard-art.com\/index.php\/wp-json\/wp\/v2\/product_tag?post=499"}],"curies":[{"name":"wp","href":"https:\/\/api.w.org\/{rel}","templated":true}]}}