{"id":716,"date":"2026-02-06T22:09:12","date_gmt":"2026-02-06T21:09:12","guid":{"rendered":"https:\/\/picard-art.com\/?post_type=product&#038;p=716"},"modified":"2026-02-06T22:11:16","modified_gmt":"2026-02-06T21:11:16","slug":"racine","status":"publish","type":"product","link":"https:\/\/picard-art.com\/index.php\/produit\/racine\/","title":{"rendered":"Racine"},"content":{"rendered":"<p>Cerisier du jardin compi\u00e9gnois de mon grand-p\u00e8re, Lucien Cousin.<\/p>\n","protected":false},"excerpt":{"rendered":"<p>Dans la culture populaire, nous serions n\u00e9s dans les choux\u00a0! Pour ma part, mes racines sont plus proches de celles de la \u2026 betterave. Symbole de nos campagnes, elle me ram\u00e8ne \u00e0 mes souvenirs de balades d\u2019enfant, \u00e0 travers champs. Profond\u00e9ment ancr\u00e9e dans la terre, la betterave nous dit l\u2019importance de notre connexion \u00e0 nos origines, nos racines.<\/p>\n","protected":false},"featured_media":717,"comment_status":"open","ping_status":"closed","template":"","meta":{"spay_email":""},"product_cat":[19],"product_tag":[71,78,54,70],"_links":{"self":[{"href":"https:\/\/picard-art.com\/index.php\/wp-json\/wp\/v2\/product\/716"}],"collection":[{"href":"https:\/\/picard-art.com\/index.php\/wp-json\/wp\/v2\/product"}],"about":[{"href":"https:\/\/picard-art.com\/index.php\/wp-json\/wp\/v2\/types\/product"}],"replies":[{"embeddable":true,"href":"https:\/\/picard-art.com\/index.php\/wp-json\/wp\/v2\/comments?post=716"}],"wp:featuredmedia":[{"embeddable":true,"href":"https:\/\/picard-art.com\/index.php\/wp-json\/wp\/v2\/media\/717"}],"wp:attachment":[{"href":"https:\/\/picard-art.com\/index.php\/wp-json\/wp\/v2\/media?parent=716"}],"wp:term":[{"taxonomy":"product_cat","embeddable":true,"href":"https:\/\/picard-art.com\/index.php\/wp-json\/wp\/v2\/product_cat?post=716"},{"taxonomy":"product_tag","embeddable":true,"href":"https:\/\/picard-art.com\/index.php\/wp-json\/wp\/v2\/product_tag?post=716"}],"curies":[{"name":"wp","href":"https:\/\/api.w.org\/{rel}","templated":true}]}}