{"id":771,"date":"2026-03-22T22:43:25","date_gmt":"2026-03-22T21:43:25","guid":{"rendered":"https:\/\/picard-art.com\/?post_type=product&#038;p=771"},"modified":"2026-03-22T22:45:51","modified_gmt":"2026-03-22T21:45:51","slug":"le-dernier-coup-v2","status":"publish","type":"product","link":"https:\/\/picard-art.com\/index.php\/produit\/le-dernier-coup-v2\/","title":{"rendered":"Le dernier coup V2"},"content":{"rendered":"<p>Terre cuite patin\u00e9e et ch\u00eane de charpente.<\/p>\n","protected":false},"excerpt":{"rendered":"<p>&nbsp;<\/p>\n<p>Le grand \u00e9chiquier de la vie s&rsquo;est r\u00e9duit comme une peau de chagrin au fil du temps. Les figures qui l&rsquo;ont travers\u00e9 se sont dispers\u00e9es.<\/p>\n<p>Le Roi et la Reine sont d\u00e9sormais seuls sur le plateau.<\/p>\n<p>Echange complice entre deux compagnons de route, \u00e9laboration de parties \u00e0 jouer \u00e0 deux, jusqu&rsquo;\u00e0 la derni\u00e8re ligne, avant le dernier coup.<\/p>\n<p>\u00c9chec et mat.<\/p>\n","protected":false},"featured_media":774,"comment_status":"open","ping_status":"closed","template":"","meta":{"spay_email":""},"product_cat":[19],"product_tag":[71,78,54,85,70],"_links":{"self":[{"href":"https:\/\/picard-art.com\/index.php\/wp-json\/wp\/v2\/product\/771"}],"collection":[{"href":"https:\/\/picard-art.com\/index.php\/wp-json\/wp\/v2\/product"}],"about":[{"href":"https:\/\/picard-art.com\/index.php\/wp-json\/wp\/v2\/types\/product"}],"replies":[{"embeddable":true,"href":"https:\/\/picard-art.com\/index.php\/wp-json\/wp\/v2\/comments?post=771"}],"wp:featuredmedia":[{"embeddable":true,"href":"https:\/\/picard-art.com\/index.php\/wp-json\/wp\/v2\/media\/774"}],"wp:attachment":[{"href":"https:\/\/picard-art.com\/index.php\/wp-json\/wp\/v2\/media?parent=771"}],"wp:term":[{"taxonomy":"product_cat","embeddable":true,"href":"https:\/\/picard-art.com\/index.php\/wp-json\/wp\/v2\/product_cat?post=771"},{"taxonomy":"product_tag","embeddable":true,"href":"https:\/\/picard-art.com\/index.php\/wp-json\/wp\/v2\/product_tag?post=771"}],"curies":[{"name":"wp","href":"https:\/\/api.w.org\/{rel}","templated":true}]}}